{"id":1722,"date":"2024-05-02T14:16:25","date_gmt":"2024-05-02T19:16:25","guid":{"rendered":"https:\/\/iepcervello.edu.pe\/web\/?page_id=1722"},"modified":"2025-03-04T19:35:23","modified_gmt":"2025-03-05T00:35:23","slug":"archivos","status":"publish","type":"page","link":"https:\/\/sygaweb.com\/web_cervello\/web\/archivos\/","title":{"rendered":"ARCHIVOS"},"content":{"rendered":"<table style=\"height: 220px;\" width=\"999\">\n<tbody>\n<tr>\n<td style=\"width: 326.2px; text-align: center;\"><a href=\"https:\/\/drive.google.com\/file\/d\/1xdx16iKKlDHoa_IRtKGZAccmULSL5uyX\/view?usp=sharing\" target=\"_blank\" rel=\"noopener\"><img loading=\"lazy\" decoding=\"async\" class=\"aligncenter\" style=\"width: 100px; height: 150px;\" src=\"https:\/\/sygaweb.com\/web_cervello\/web\/wp-content\/uploads\/2024\/05\/abril_convivencia_escolar.png\" alt=\"\" width=\"148\" height=\"148\" \/><\/a><a href=\"https:\/\/drive.google.com\/file\/d\/1xdx16iKKlDHoa_IRtKGZAccmULSL5uyX\/view?usp=sharing\" target=\"_blank\" rel=\"noopener\"><span style=\"color: #ab0505;\"><b>Abril: Mes de la convivencia escolar<\/b><\/span><\/a><\/td>\n<td style=\"width: 326.2px; text-align: center;\"><a href=\"https:\/\/drive.google.com\/file\/d\/1yUqF-qNciCjVC5PKzrfcq5n_L2IohZrK\/view?usp=sharing\" target=\"_blank\" rel=\"noopener\"><img loading=\"lazy\" decoding=\"async\" class=\"aligncenter alignnone size-full wp-image-2267\" style=\"width: 100px; height: 150px;\" src=\"https:\/\/sygaweb.com\/web_cervello\/web\/wp-content\/uploads\/2025\/03\/folleto_bullying.png\" alt=\"\" width=\"294\" height=\"456\" srcset=\"https:\/\/sygaweb.com\/web_cervello\/web\/wp-content\/uploads\/2025\/03\/folleto_bullying.png 294w, https:\/\/sygaweb.com\/web_cervello\/web\/wp-content\/uploads\/2025\/03\/folleto_bullying-193x300.png 193w, https:\/\/sygaweb.com\/web_cervello\/web\/wp-content\/uploads\/2025\/03\/folleto_bullying-129x200.png 129w\" sizes=\"auto, (max-width: 294px) 100vw, 294px\" \/><\/a><a href=\"https:\/\/drive.google.com\/file\/d\/1yUqF-qNciCjVC5PKzrfcq5n_L2IohZrK\/view?usp=sharing\" target=\"_blank\" rel=\"noopener\"><span style=\"color: #ab0505;\"><b>Orientaci\u00f3n, Prevenci\u00f3n ante casos de bullying<\/b><\/span><\/a><\/td>\n<td style=\"width: 326.2px; text-align: center;\"><a href=\"https:\/\/drive.google.com\/file\/d\/1OU4UPjiqmaXOC_TL2EN5axlzeTwiaV7F\/view?usp=sharing\" target=\"_blank\" rel=\"noopener\"><img loading=\"lazy\" decoding=\"async\" class=\"aligncenter alignnone size-full wp-image-2267\" style=\"width: 100px; height: 150px;\" src=\"https:\/\/sygaweb.com\/web_cervello\/web\/wp-content\/uploads\/2025\/03\/Captura-de-pantalla-2025-03-04-a-las-7.31.57\u202fp.-m.png\" alt=\"\" width=\"294\" height=\"456\" \/><\/a><a href=\"https:\/\/drive.google.com\/file\/d\/1OU4UPjiqmaXOC_TL2EN5axlzeTwiaV7F\/view?usp=sharing\" target=\"_blank\" rel=\"noopener\"><span style=\"color: #ab0505;\"><b>Protocolo de Atenci\u00f3n 1 y 2 <\/b><\/span><\/a><\/td>\n<\/tr>\n<tr>\n<td style=\"width: 326.2px; text-align: center;\"><\/td>\n<td style=\"width: 326.2px; text-align: center;\"><\/td>\n<td style=\"width: 326.2px; text-align: center;\"><\/td>\n<\/tr>\n<\/tbody>\n<\/table>\n<p>&nbsp;<\/p>\n","protected":false},"excerpt":{"rendered":"<p>Abril: Mes de la convivencia escolar Orientaci\u00f3n, Prevenci\u00f3n ante casos de bullying Protocolo de Atenci\u00f3n 1 y 2 &nbsp;<\/p>\n","protected":false},"author":2,"featured_media":1623,"parent":0,"menu_order":0,"comment_status":"closed","ping_status":"closed","template":"","meta":{"footnotes":""},"class_list":["post-1722","page","type-page","status-publish","has-post-thumbnail","hentry"],"blocksy_meta":[],"_links":{"self":[{"href":"https:\/\/sygaweb.com\/web_cervello\/web\/wp-json\/wp\/v2\/pages\/1722","targetHints":{"allow":["GET"]}}],"collection":[{"href":"https:\/\/sygaweb.com\/web_cervello\/web\/wp-json\/wp\/v2\/pages"}],"about":[{"href":"https:\/\/sygaweb.com\/web_cervello\/web\/wp-json\/wp\/v2\/types\/page"}],"author":[{"embeddable":true,"href":"https:\/\/sygaweb.com\/web_cervello\/web\/wp-json\/wp\/v2\/users\/2"}],"replies":[{"embeddable":true,"href":"https:\/\/sygaweb.com\/web_cervello\/web\/wp-json\/wp\/v2\/comments?post=1722"}],"version-history":[{"count":9,"href":"https:\/\/sygaweb.com\/web_cervello\/web\/wp-json\/wp\/v2\/pages\/1722\/revisions"}],"predecessor-version":[{"id":2314,"href":"https:\/\/sygaweb.com\/web_cervello\/web\/wp-json\/wp\/v2\/pages\/1722\/revisions\/2314"}],"wp:featuredmedia":[{"embeddable":true,"href":"https:\/\/sygaweb.com\/web_cervello\/web\/wp-json\/wp\/v2\/media\/1623"}],"wp:attachment":[{"href":"https:\/\/sygaweb.com\/web_cervello\/web\/wp-json\/wp\/v2\/media?parent=1722"}],"curies":[{"name":"wp","href":"https:\/\/api.w.org\/{rel}","templated":true}]}}