{"id":778,"date":"2022-09-08T11:59:06","date_gmt":"2022-09-08T16:59:06","guid":{"rendered":"https:\/\/iepcervello.edu.pe\/portal\/?page_id=778"},"modified":"2023-09-18T09:06:21","modified_gmt":"2023-09-18T14:06:21","slug":"politicas-de-privacidad","status":"publish","type":"page","link":"https:\/\/sygaweb.com\/web_cervello\/web\/politicas-de-privacidad\/","title":{"rendered":"POL\u00cdTICAS DE PRIVACIDAD"},"content":{"rendered":"<p style=\"text-align: justify;\"><span style=\"font-size: 12pt; font-family: helvetica, arial, sans-serif;\">Agradecemos tu inter\u00e9s en esta plataforma web. Tu privacidad es muy importante para nosotros y, a trav\u00e9s de este documento deseamos que conozcas para que utilizamos la informaci\u00f3n de nuestros visitantes por lo que te pedimos que lo leas con mucha atenci\u00f3n:<\/span><br \/>\n<span style=\"font-size: 12pt; font-family: helvetica, arial, sans-serif;\">El Centro Educativo Particular Parroquial \u201cSanta Mar\u00eda de Cervell\u00f3\u201d est\u00e1 comprometido con el respeto a tu privacidad y cumple las disposiciones establecidas en la Ley Peruana de Protecci\u00f3n de Datos Personales de acuerdo a la Ley 29733. En aplicaci\u00f3n de la Regulaci\u00f3n de Datos Personales, consideramos que los usuarios y\/o clientes de la plataforma web www.iepcervello.edu.pe han brindado adecuadamente su consentimiento para el tratamiento de sus datos cuando de manera positiva decidan \u201chacer clic\u201d, \u201cdoble clic\u201d, \u201cdar un toque\u201d u otros similares. Toda informaci\u00f3n que nos brindes ser\u00e1 objeto de tratamiento automatizado e incorporada en una o m\u00e1s bases de datos en el Per\u00fa y el exterior de las que el Centro Educativo Particular Parroquial \u201cSanta Mar\u00eda de Cervell\u00f3\u201d ser\u00e1 titular y responsable, conforme a los t\u00e9rminos previstos por la Ley. La instituci\u00f3n educativa se encuentra, domiciliado en Av. Pac\u00edfico 556 Buenos Aires, Nuevo Chimbote \u2013 Ancash.<\/span><br \/>\n<span style=\"font-size: 12pt; font-family: helvetica, arial, sans-serif;\">El Centro Educativo Particular Parroquial recolecta los datos personales que los usuarios o visitantes de la plataforma web proporcionan a trav\u00e9s de los formularios electr\u00f3nicos con la finalidad de atender sus consultas y\/o reclamos vinculados con la prestaci\u00f3n y\/o potencial prestaci\u00f3n del servicio educativo. La informaci\u00f3n recogida se grabar\u00e1 en la base de datos de la instituci\u00f3n contando para ello medidas t\u00e9cnicas y niveles de seguridad de protecci\u00f3n de los datos para que la informaci\u00f3n no sea utilizada por terceros no autorizados. Solo el personal autorizado del Centro Educativo Particular Parroquial \u201cSanta Mar\u00eda de Cervell\u00f3\u201d podr\u00e1 acceder a los datos personales proporcionados. En todo caso, se garantiza el mantenimiento de la confidencialidad y el tratamiento seguro de la Informaci\u00f3n. No Obstante, la informaci\u00f3n del formulario \u201cContacto web\u201d ser\u00e1 transferida al correo institucional cervello@iepcervello.edu.pe y el contenido de la plataforma web se encuentra alojado en la empresa Hosting Per\u00fa, que nos brinda los servicios de administraci\u00f3n de la plataforma, cuyo servidor se encuentra en los Estados Unidos de Am\u00e9rica.<\/span><br \/>\n<span style=\"font-size: 12pt; font-family: helvetica, arial, sans-serif;\">La pol\u00edtica de privacidad del Centro Educativo Particular Parroquial \u201cSanta Mar\u00eda de Cervell\u00f3\u201d le asegura al usuario en cualquier momento ejercer los derechos previstos en la regulaci\u00f3n de datos personales de acceso, rectificaci\u00f3n (actualizaci\u00f3n e inclusi\u00f3n), cancelaci\u00f3n(supresi\u00f3n) y oposici\u00f3n del consentimiento en los t\u00e9rminos establecidos en la Ley. Para estos fines, bastar\u00e1 que remitan una carta simple a la direcci\u00f3n del Centro Educativo Particular Parroquial \u201cSanta Mar\u00eda de Cervell\u00f3\u201d indicada en la parte introductoria de esta Pol\u00edtica de Privacidad con atenci\u00f3n a la Mg. Mariela de La Cruz Hoyos, con la referencia \u201cMis Datos Personales\u201d. Alternativamente, podr\u00e1n enviar una comunicaci\u00f3n electr\u00f3nica a cervello@iepcervello.edu.pe o podr\u00e1n emplear cualquiera de los formularios para el ejercicio de los derechos ARCO que encontrar\u00e1n a su disposici\u00f3n en las puertas de ingreso a nuestro establecimiento.<\/span><br \/>\n<span style=\"font-size: 12pt; font-family: helvetica, arial, sans-serif;\">Los usuarios o visitantes menores de edad deben contar con la autorizaci\u00f3n de sus padres o tutores para el uso de la plataforma web. En caso proporcionen sus datos personales, deber\u00e1n indicar adem\u00e1s los datos de contacto de sus padres o tutores con la finalidad que el Centro Educativo Particular Parroquial \u201cSanta Mar\u00eda de Cervell\u00f3\u201d verifique su consentimiento.<\/span><br \/>\n<span style=\"font-size: 12pt; font-family: helvetica, arial, sans-serif;\">El Colegio Centro Educativo Particular Parroquial \u201cSanta Mar\u00eda de Cervell\u00f3\u201d podr\u00e1 modificar la presentaci\u00f3n o estructura de la plataforma web, as\u00ed como los t\u00e9rminos y condiciones de la presente Pol\u00edtica de Privacidad. Es por ello que sugerimos a los usuarios o visitantes que lean atentamente los t\u00e9rminos y condiciones cada vez que accedan a la plataforma web para consultar los cambios que puedan haber existido. Por lo cual se le solicitar\u00e1 nuevamente su consentimiento.<\/span><br \/>\n<span style=\"font-size: 12pt; font-family: helvetica, arial, sans-serif;\">Al confirmar su consentimiento, el usuario o visitante otorga autorizaci\u00f3n libre, expresa e inequ\u00edvoca al Centro Educativo Particular Parroquial \u201cSanta Mar\u00eda de Cervell\u00f3\u201d para conservar los datos personales, realizar tratamiento y hacer uso de la informaci\u00f3n personal que \u00e9ste proporcione cuando haga una consulta, reclamo, comunique incidencias en l\u00ednea, y en general cualquier interacci\u00f3n web durante el tiempo que sea necesario.<\/span><\/p>\n","protected":false},"excerpt":{"rendered":"<p>Agradecemos tu inter\u00e9s en esta plataforma web. Tu privacidad es muy importante para nosotros y, a trav\u00e9s de este documento deseamos que conozcas para que utilizamos la informaci\u00f3n de nuestros visitantes por lo que te pedimos que lo leas con mucha atenci\u00f3n: El Centro Educativo Particular Parroquial \u201cSanta Mar\u00eda de Cervell\u00f3\u201d est\u00e1 comprometido con el [&hellip;]<\/p>\n","protected":false},"author":1,"featured_media":831,"parent":0,"menu_order":0,"comment_status":"closed","ping_status":"closed","template":"","meta":{"footnotes":""},"class_list":["post-778","page","type-page","status-publish","has-post-thumbnail","hentry"],"blocksy_meta":[],"_links":{"self":[{"href":"https:\/\/sygaweb.com\/web_cervello\/web\/wp-json\/wp\/v2\/pages\/778","targetHints":{"allow":["GET"]}}],"collection":[{"href":"https:\/\/sygaweb.com\/web_cervello\/web\/wp-json\/wp\/v2\/pages"}],"about":[{"href":"https:\/\/sygaweb.com\/web_cervello\/web\/wp-json\/wp\/v2\/types\/page"}],"author":[{"embeddable":true,"href":"https:\/\/sygaweb.com\/web_cervello\/web\/wp-json\/wp\/v2\/users\/1"}],"replies":[{"embeddable":true,"href":"https:\/\/sygaweb.com\/web_cervello\/web\/wp-json\/wp\/v2\/comments?post=778"}],"version-history":[{"count":3,"href":"https:\/\/sygaweb.com\/web_cervello\/web\/wp-json\/wp\/v2\/pages\/778\/revisions"}],"predecessor-version":[{"id":1493,"href":"https:\/\/sygaweb.com\/web_cervello\/web\/wp-json\/wp\/v2\/pages\/778\/revisions\/1493"}],"wp:featuredmedia":[{"embeddable":true,"href":"https:\/\/sygaweb.com\/web_cervello\/web\/wp-json\/wp\/v2\/media\/831"}],"wp:attachment":[{"href":"https:\/\/sygaweb.com\/web_cervello\/web\/wp-json\/wp\/v2\/media?parent=778"}],"curies":[{"name":"wp","href":"https:\/\/api.w.org\/{rel}","templated":true}]}}