{"id":937,"date":"2022-09-27T10:43:00","date_gmt":"2022-09-27T15:43:00","guid":{"rendered":"https:\/\/iepcervello.edu.pe\/web\/?page_id=937"},"modified":"2022-09-27T10:58:42","modified_gmt":"2022-09-27T15:58:42","slug":"derecho_arco","status":"publish","type":"page","link":"https:\/\/sygaweb.com\/web_cervello\/web\/derecho_arco\/","title":{"rendered":"Conoce c\u00f3mo generar una solicitud para supervisar el control de tus datos"},"content":{"rendered":"<h3 dir=\"ltr\"><span style=\"color: #000000;\"><strong>\u00bfQu\u00e9 es ARCO?<\/strong><\/span><\/h3>\n<p dir=\"ltr\"><span style=\"color: #000000;\">Los Derechos ARCO (Acceso, Rectificaci\u00f3n, Cancelaci\u00f3n y Oposici\u00f3n) son el conjunto de derechos a trav\u00e9s de los cuales la Ley N\u00b0 29733 \u2013 Ley de Protecci\u00f3n de Datos Personales, garantiza a las personas el poder de control sobre sus datos personales.<\/span><\/p>\n<h3 dir=\"ltr\"><span style=\"color: #000000;\">\u00bfPara qu\u00e9 sirve una solicitud ARCO?<\/span><\/h3>\n<p dir=\"ltr\"><span style=\"color: #000000;\">Con los derechos ARCO podr\u00e1s generar solicitudes respecto a:<\/span><\/p>\n<ol>\n<li dir=\"ltr\"><span style=\"color: #000000;\">Derecho de acceso: Te permite averiguar en el banco de datos de Claro si tus datos personales est\u00e1n siendo usados y adem\u00e1s, solicitar la informaci\u00f3n sobre el origen de dichos datos y adem\u00e1s, las comunicaciones realizada con su uso.<\/span><\/li>\n<li dir=\"ltr\"><span style=\"color: #000000;\">Derecho de rectificaci\u00f3n: Te permite actualizar o completar tus datos personales faltantes. S\u00f3lo debes precisar qu\u00e9 datos deseas modificar o agregar en la solicitud y adjuntar un documento que lo valide.<\/span><\/li>\n<li dir=\"ltr\"><span style=\"color: #000000;\">Derecho de cancelaci\u00f3n: Te da la facultad de solicitar la eliminaci\u00f3n de tus datos personales siempre y cuando:<\/span><\/li>\n<\/ol>\n<p style=\"padding-left: 40px;\"><span style=\"color: #000000;\">&#8211;\u00a0\u00a0 \u00a0Hayan dejado de ser necesarios sobre el origen de la recopilaci\u00f3n.<\/span><br \/>\n<span style=\"color: #000000;\">&#8211;\u00a0\u00a0 \u00a0Haya vencido el plazo establecido con el contrato de tus servicios.<\/span><\/p>\n<p dir=\"ltr\"><span style=\"color: #000000;\">Nota: La eliminaci\u00f3n no proceder\u00e1 cuando los datos personales deban ser conservados por razones estrictas a las leyes aplicables o relaci\u00f3n entre responsable y titular.<\/span><\/p>\n<ol>\n<li dir=\"ltr\"><span style=\"color: #000000;\">Derecho de oposici\u00f3n: Si en caso est\u00e9n usando tus datos personales para otros motivos , podr\u00e1s generar una solicitud para restringir su uso.<\/span><\/li>\n<\/ol>\n<p dir=\"ltr\"><span style=\"color: #000000;\">Nota: Deber\u00e1s indicar y fundamentar sobre qu\u00e9 dato personal deseas restringir su uso.<\/span><\/p>\n<p dir=\"ltr\"><span style=\"color: #000000;\"><strong>\u00bfQu\u00e9 documentos puedo adjuntar?<\/strong><\/span><\/p>\n<p dir=\"ltr\"><span style=\"color: #000000;\">Puedes adjuntar los siguientes:<\/span><\/p>\n<ul dir=\"ltr\">\n<li><span style=\"color: #000000;\">Solicitud ARCO, debidamente completada y firmada, la cual podr\u00e1s descargar\u00a0<strong><span style=\"color: #ff0000;\"><a class=\"c-text-tertiary\" style=\"color: #ff0000;\" href=\"https:\/\/sygaweb.com\/web_cervello\/formulario_arco.pdf\">aqu\u00ed mismo<\/a>.<\/span><\/strong><\/span><\/li>\n<li><span style=\"color: #000000;\">Fotocopia simple y legible del DNI del solicitante.<\/span><\/li>\n<li><span style=\"color: #000000;\">Carta poder con firma legalizada notarialmente no mayor a 30 d\u00edas<\/span><\/li>\n<li><span style=\"color: #000000;\">Vigencia de poder inscrita en el registro de mandato y poderes de los registros p\u00fablicos correspondiente no mayor 3 meses y fotocopia simple y legible del DNI del apoderado legal. En caso corresponda.<\/span><\/li>\n<li><span style=\"color: #000000;\">Otros (dependiendo del tipo de solicitud que realices)<\/span><\/li>\n<\/ul>\n<p>&nbsp;<\/p>\n<p dir=\"ltr\"><span style=\"color: #000000;\"><strong>\u00bfCu\u00e1l es el tiempo de atenci\u00f3n a mi solicitud?<\/strong><\/span><\/p>\n<p dir=\"ltr\"><span style=\"color: #000000;\">El tiempo de respuesta es de 10 d\u00edas h\u00e1biles, a excepci\u00f3n de la solicitud de Acceso que demora 20 d\u00edas.<\/span><\/p>\n<p dir=\"ltr\"><span style=\"color: #000000;\">Realiza tu solicitud y recuerda adjuntar los documentos necesarios<\/span><\/p>\n<p dir=\"ltr\"><span style=\"color: #000000;\">Una vez llenada la solicitud, env\u00edalo escaneado a: cervello@iepcervello.edu.pe con el asunto: Derechos Arco &#8211; \u00abNombre del derecho que desea ejecutar\u00bb<\/span><\/p>\n","protected":false},"excerpt":{"rendered":"<p>\u00bfQu\u00e9 es ARCO? Los Derechos ARCO (Acceso, Rectificaci\u00f3n, Cancelaci\u00f3n y Oposici\u00f3n) son el conjunto de derechos a trav\u00e9s de los cuales la Ley N\u00b0 29733 \u2013 Ley de Protecci\u00f3n de Datos Personales, garantiza a las personas el poder de control sobre sus datos personales. \u00bfPara qu\u00e9 sirve una solicitud ARCO? Con los derechos ARCO podr\u00e1s [&hellip;]<\/p>\n","protected":false},"author":1,"featured_media":0,"parent":0,"menu_order":0,"comment_status":"closed","ping_status":"closed","template":"","meta":{"footnotes":""},"class_list":["post-937","page","type-page","status-publish","hentry"],"blocksy_meta":[],"_links":{"self":[{"href":"https:\/\/sygaweb.com\/web_cervello\/web\/wp-json\/wp\/v2\/pages\/937","targetHints":{"allow":["GET"]}}],"collection":[{"href":"https:\/\/sygaweb.com\/web_cervello\/web\/wp-json\/wp\/v2\/pages"}],"about":[{"href":"https:\/\/sygaweb.com\/web_cervello\/web\/wp-json\/wp\/v2\/types\/page"}],"author":[{"embeddable":true,"href":"https:\/\/sygaweb.com\/web_cervello\/web\/wp-json\/wp\/v2\/users\/1"}],"replies":[{"embeddable":true,"href":"https:\/\/sygaweb.com\/web_cervello\/web\/wp-json\/wp\/v2\/comments?post=937"}],"version-history":[{"count":2,"href":"https:\/\/sygaweb.com\/web_cervello\/web\/wp-json\/wp\/v2\/pages\/937\/revisions"}],"predecessor-version":[{"id":943,"href":"https:\/\/sygaweb.com\/web_cervello\/web\/wp-json\/wp\/v2\/pages\/937\/revisions\/943"}],"wp:attachment":[{"href":"https:\/\/sygaweb.com\/web_cervello\/web\/wp-json\/wp\/v2\/media?parent=937"}],"curies":[{"name":"wp","href":"https:\/\/api.w.org\/{rel}","templated":true}]}}